4. Calculate r(27).
0
Let v(c) = -c**3 - 10*c**2 - 11*c - 9. Determine v(-9).
9
Let t(p) = -p**2 + 8*p. Give t(7).
7
Let m(i) = -i - 9. What is m(-5)?
-4
Let a(w) = -w**2 - 11*w - 27. Calculate a(-5).
3
Let t(r) = r**2 + 9*r - 90. Give t(6).
0
Let o(i) = 4*i + 46. Give o(-12).
-2
Let f(l) = -5*l + 4. Calculate f(-5).
29
Let h(j) = j + 1. Give h(-10).
-9
Let c(n) = -17*n**3 - 1. Calculate c(1).
-18
Let a(s) = -s**2 - 9*s - 50. Determine a(-4).
-30
Let z(k) = 5*k + 124. Determine z(-26).
-6
Let w(h) = 5*h - 12. What is w(6)?
18
Let k(m) = 5*m**3 - 4*m**2 + m + 2. Give k(1).
4
Let c(m) = -11*m + 37. Give c(4).
-7
Let c(m) = -m**2 - m - 12. Calculate c(-5).
-32
Let c(d) = d**3 - 6*d**2 + 4*d + 7. Determine c(4).
-9
Let h(k) = -2*k**2 - 5*k - 4. Give h(-4).
-16
Let b(u) = u**3 + 12*u**2 + 14*u + 32. Determine b(-11).
-1
Let a(d) = -2*d + 40. Calculate a(20).
0
Let x(b) = b**3 - 9*b**2 + 6*b + 4. Give x(8).
-12
Let j(o) = -o**2 + 10*o + 14. What is j(13)?
-25
Let y(h) = -h**3 + 6*h**2 - 9*h + 9. Give y(6).
-45
Let f(a) = -a**3 + 22*a. Determine f(6).
-84
Let y(s) = 2*s**3 - 4*s**2 - 11*s. What is y(5)?
95
Let o(n) = n**3 + 9*n**2 + 11*n + 4. Give o(-8).
-20
Let i(n) = -n**3 + 4*n**2 - 3*n + 3. Determine i(2).
5
Let t(l) = -9*l - 4. Calculate t(-6).
50
Let t(c) = -c**2 - 9*c - 7. Calculate t(-6).
11
Let i(c) = -14*c + 1. Determine i(1).
-13
Let u(a) = 8*a. What is u(-1)?
-8
Let s(w) = -18*w**3 + 2*w**2 - 2*w - 3. Determine s(-1).
19
Let v(q) = q**3 - 5*q**2 - 6*q + 3. Calculate v(6).
3
Let v(s) = -8*s - 3. Give v(4).
-35
Let n(b) = -b**3 - 3*b**2 - 3*b + 8. What is n(3)?
-55
Let w(u) = u**2 - 12*u + 16. Calculate w(13).
29
Let u(l) = -3*l + 1. Calculate u(4).
-11
Let c(j) = 2*j**2 + 44*j + 168. Give c(-5).
-2
Let y(v) = v**3 - 3*v**2 + 6*v - 14. Calculate y(3).
4
Let i(t) = -t**2 + 3*t + 36. Determine i(8).
-4
Let o(v) = v**2 + 10*v + 12. Calculate o(-7).
-9
Let b(z) = z**2 + 22*z + 134. Determine b(-11).
13
Let z(r) = 2*r**3 - 41*r**2 - 25*r + 17. Give z(21).
-67
Let l(j) = 26*j**3 + 2*j**2 + j - 2. Give l(1).
27
Let d(b) = 2*b**3 - 6*b**2 - 7*b + 8. What is d(4)?
12
Let b(c) = 12*c + 68. What is b(-5)?
8
Let u(a) = a**3 + 2*a**2 - 6*a + 4. Calculate u(-4).
-4
Let b(c) = -c**3 - 5*c**2 + 5*c - 3. Calculate b(-6).
3
Let a(m) = 7*m + 29. Give a(-8).
-27
Let g(o) = -2*o**3 + 12*o**2 + 16*o - 13. Calculate g(7).
1
Let y(z) = z**3 - 8*z**2 + 6*z + 2. What is y(6)?
-34
Let a(g) = g**2 + 15*g - 2. Give a(-15).
-2
Let k(a) = a**2 + 7*a + 5. Give k(-4).
-7
Let z(f) = f**3 + 8*f**2 + 7*f. Give z(-6).
30
Let m(w) = -w**3 + 6*w**2 + 7*w. Give m(7).
0
Let o(b) = b**3 + 7*b**2 + 3*b + 8. Determine o(-7).
-13
Let n(p) = p**3 - 17*p**2 + 30*p + 10. Determine n(15).
10
Let b(u) = -u**2 - 27*u - 10. Calculate b(-19).
142
Let u(w) = -w**3 - 12*w**2 + 16. Calculate u(-12).
16
Let r(p) = -p - 28. Calculate r(-28).
0
Let g(k) = 2*k**2 - 16*k + 12. Calculate g(6).
-12
Let d(j) = -j**3 - 4*j**2 + j - 2. Give d(-4).
-6
Let x(h) = h**3 - 7*h**2 + 5*h + 10. Calculate x(5).
-15
Let v(c) = -3*c**2 - 4*c - 14. Give v(6).
-146
Let h(r) = r**2 - 24*r + 119. Calculate h(17).
0
Let y(n) = -n**3 - n**2 + n - 46. Determine y(0).
-46
Let m(g) = -g**3 - 4*g**2 - 6*g + 6. What is m(-3)?
15
Let t(l) = 8*l**3 + 3*l**2 - 1. What is t(-2)?
-53
Let z(y) = y**3 + 7*y**2 + y + 10. What is z(-7)?
3
Let p(x) = -3*x**2 + 8*x + 3. Give p(-6).
-153
Let p(f) = f**3 - f**2 - 4*f - 3. Calculate p(-2).
-7
Let z(h) = 2*h**3 - 31*h**2 + 15*h - 9. What is z(15)?
-9
Let n(c) = -2*c**3 + 17*c**2 + 19*c - 86. Determine n(9).
4
Let c(a) = a**2 - 13*a - 190. What is c(22)?
8
Let q(l) = 3*l - 1. Determine q(-7).
-22
Let q(p) = -p**3 + 14*p**2 - 10*p - 48. What is q(13)?
-9
Let t(r) = 2*r**3 - 46*r**2 + 45*r - 30. Calculate t(22).
-8
Let k(c) = -2*c**2 + 30. Calculate k(0).
30
Let b(u) = -u**2 - 16*u + 43. Give b(-18).
7
Let o(r) = -r**3 + 2*r**2 - 2*r - 2. Calculate o(0).
-2
Let t(h) = -h**3 - 3*h**2 + 32*h - 11. What is t(-8)?
53
Let f(s) = -s**2 - s + 16. Determine f(-11).
-94
Let i(o) = -5*o + 51. Calculate i(8).
11
Let q(b) = -b**2 - 2*b + 6. Give q(0).
6
Let x(b) = b**3 - 8*b**2 + 11*b - 6. Calculate x(7).
22
Let h(g) = -g**2 - 11*g - 17. Give h(-7).
11
Let b(i) = -i**2 + 5*i + 20. Give b(9).
-16
Let l(o) = o**3 - 15*o**2 + 15*o - 21. Calculate l(14).
-7
Let o(y) = y**3 - 3*y**2 + 3*y + 4. Determine o(3).
13
Let w(a) = -a - 4. Determine w(0).
-4
Let n(c) = 5*c**2 + 100*c + 6. Calculate n(-20).
6
Let a(s) = 2*s**3 - s**2 - 3*s - 3. Give a(-3).
-57
Let j(w) = -w**3 + 9*w**2 - 7*w - 7. Give j(8).
1
Let s(q) = q**3 + 14*q**2 + 30*q + 9. What is s(-12)?
-63
Let a(m) = -201*m - 1605. What is a(-8)?
3
Let y(s) = s**3 - 10*s**2 + 2*s - 22. What is y(10)?
-2
Let m(g) = -7*g + 32. Calculate m(4).
4
Let o(b) = -2*b**3 - 37*b**2 + 18*b - 19. Give o(-19).
0
Let v(f) = 7*f**2 + 4*f - 31. Calculate v(-3).
20
Let g(i) = -i**3 + 9*i**2 - 7*i + 8. Determine g(6).
74
Let t(p) = 4*p + 25. What is t(-6)?
1
Let o(t) = 2*t**2 + 13*t + 56. What is o(-8)?
80
Let b(t) = 9*t**2 - 2*t - 2. Determine b(2).
30
Let t(w) = w**3 + 14*w**2 - 14*w + 18. Determine t(-15).
3
Let p(u) = u**2 - u - 6. Calculate p(-6).
36
Let y(a) = -a + 39. Determine y(20).
19
Let l(j) = -2*j. What is l(5)?
-10
Let f(a) = -2*a**2 + 3*a + 25. Give f(0).
25
Let p(x) = -x**2 - 12*x - 1. Give p(-12).
-1
Let r(z) = -2*z**2 - 3*z - 8. Calculate r(0).
-8
Let l(p) = p**2 + 6*p - 5. Give l(-7).
2
Let l(r) = r**3 + 13*r**2 - 12*r + 18. What is l(-14)?
-10
Let s(c) = c**2 + 3*c - 1. Give s(-5).
9
Let c(j) = j**3 + 7*j**2 - j - 6. Give c(0).
-6
Let a(q) = -3*q**2 - 60*q - 7. Give a(-20).
-7
Let s(z) = 2*z + 27. Give s(15).
57
Let x(v) = 20*v - 132. What is x(7)?
8
Let r(k) = -k**2 - 27*k - 48. What is r(-25)?
2
Let m(d) = -d**3 + 13*d**2 + d + 9. Give m(13).
22
Let a(l) = -l**2 + 14*l + 31. Determine a(15).
16
Let i(r) = -r + 13. What is i(17)?
-4
Let o(r) = r**2 + 41*r + 383. Give o(-15).
-7
Let r(d) = d**2 - 4*d - 11. Give r(7).
10
Let s(o) = o**2 - 4*o - 7. Calculate s(6).
5
Let t(g) = g**3 + 40*g**2 + 143*g - 40. Calculate t(-36).
-4
Let i(j) = 34*j + 1221. Give i(-36).
-3
Let r(c) = -c**2 - 4*c + 2. Give r(-4).
2
Let o(h) = -8*h**2 + 55*h + 11. Give o(7).
4
Let s(z) = -z**2 + 98*z - 465. Determine s(5).
0
Let u(k) = k**2 - 15*k - 9. Give u(18).
45
Let c(k) = -12*k - 111. What is c(-10)?
9
Let x(u) = -2*u**2 + 19*u + 12. Determine x(9).
21
Let q(n) = n**3 + 2*n**2 - 5*n - 7. Give q(-3).
-1
Let r(m) = -2*m + 24. Give r(14).
-4
Let u(l) = -2*l**2 + 80*l - 74. What is u(39)?
4
Let f(h) = 2*h**3 + 11*h**2 + 11*h - 7. Determine f(-4).
-3
Let h(v) = v**2 - 2*v + 102. Calculate h(0).
102
Let r(h) = h**3 - 4*h**2 - 4*h - 3. Calculate r(5).
2
Let b(n) = n**2 - 9*n + 7. Give b(12).
43
Let h(b) = -b**2 - 14*b + 86. Calculate h(-19).
-9
Let n(i) = 28*i**3 - 2*i**2 + i + 2. Calculate n(-1).
-29
Let o(k) = -16*k**3 + k**2 - 2*k + 2. Calculate o(1).
-15
Let v(u) = 2*u**2 - 37*u + 15. Give v(18).
-3
Let a(n) = -4*n**2 - 36*n - 2. Determine a(-9).
-2
Let z(x) = x**2 - 2*x - 2. Determine z(-9).
97
Let f(u) = -6*u + 79. Determine f(12).
7
Let z(p) = -18*p**3 + p. Give z(1).
-17
Let r(h) = h**2 + 3*h - 27. Give r(-6).
-9
Let p(b) = b**3 + 8*b**2 + 16*b + 7. Determine p(-4).
7
Let g(r) = r**2 + 2*r - 11. What is g(5)?
24
Let f(n) = 4*n + 63. Give f(-10).
23
Let q(k) = -265*k + 532. Determine q(2).
2
Let w(i) = i**3 - 2*i + 23. Calculate w(0).
23
Let w(h) = -15*h - 4. What is w(-2)?
26
Let i(g) = g - 12. Give i(5).
-7
Let i(v) = 6*v + 2. Calculate i(2).
14
Let w(v) = 4*v + 3. What is w(-1)?
-1
Let f(k) = -k**2 + 6*k + 7. Give f(6).
7
Let l(i) = -6*i**3 + i**2 - i + 1. What is l(2)?
-45
Let r(s) = -18*s - 115. Calculate r(-9).
47
Let d(p) = p + 3. Determine d(-10).
-7
Let d(n) = -n**3 - 29*n**2 + 31*n + 32. Give d(-30).
2
Let w(l) = l**3 - l**2 - 22*l + 7. Determine w(-5).
-33
Let w(h) = -h**3 + 6*h**2 - 28*h + 173. Give w(6).
5
Let h(a) = -a**2 + 14*a - 4. Determine h(13).
9
Let p(i) = -3*i**2 - 74*i - 45. What is p(-24)?
3
Let w(n) = 3*n**2 + 16*n + 10. Calculate w(-7).
45
Let t(j) = 4*j**2 + 32*j + 5. What is t(-8)?
5
Let j(g) = -2*g - 7. Determine j(-7).
7
Let b(k) = k**3 + 7*k**2 + 6*k + 5. Give b(-6).
5
Let t(q) = -4*q**2 + 36*q - 6. Give t(8).
26
Let g(n) = -54*n + 1. Calculate g(